{"id":17,"date":"2022-07-16T17:30:31","date_gmt":"2022-07-16T20:30:31","guid":{"rendered":"https:\/\/opixelcriativo.com\/project\/jtfilho\/?page_id=17"},"modified":"2023-05-19T10:21:38","modified_gmt":"2023-05-19T13:21:38","slug":"home","status":"publish","type":"page","link":"https:\/\/jtfilhoassociados.adv.br\/","title":{"rendered":"Home"},"content":{"rendered":"\t\t<div data-elementor-type=\"wp-page\" data-elementor-id=\"17\" class=\"elementor elementor-17\">\n\t\t\t\t\t\t<section class=\"elementor-section elementor-top-section elementor-element elementor-element-0b32eab elementor-section-full_width elementor-section-stretched elementor-section-height-default elementor-section-height-default\" data-id=\"0b32eab\" data-element_type=\"section\" data-settings=\"{&quot;stretch_section&quot;:&quot;section-stretched&quot;,&quot;background_background&quot;:&quot;classic&quot;}\">\n\t\t\t\t\t\t<div class=\"elementor-container elementor-column-gap-no\">\n\t\t\t\t\t<div class=\"elementor-column elementor-col-50 elementor-top-column elementor-element elementor-element-7fc6b1f\" data-id=\"7fc6b1f\" data-element_type=\"column\">\n\t\t\t<div class=\"elementor-widget-wrap elementor-element-populated\">\n\t\t\t\t\t\t<div class=\"elementor-element elementor-element-7bfe3c3 elementor-widget elementor-widget-image\" data-id=\"7bfe3c3\" data-element_type=\"widget\" data-widget_type=\"image.default\">\n\t\t\t\t<div class=\"elementor-widget-container\">\n\t\t\t\t\t\t\t\t\t\t\t\t\t\t\t<img fetchpriority=\"high\" decoding=\"async\" width=\"736\" height=\"229\" src=\"https:\/\/jtfilhoassociados.adv.br\/wp-content\/uploads\/2022\/07\/evolucao.png\" class=\"attachment-full size-full wp-image-55\" alt=\"\" srcset=\"https:\/\/jtfilhoassociados.adv.br\/wp-content\/uploads\/2022\/07\/evolucao.png 736w, https:\/\/jtfilhoassociados.adv.br\/wp-content\/uploads\/2022\/07\/evolucao-300x93.png 300w\" sizes=\"(max-width: 736px) 100vw, 736px\" \/>\t\t\t\t\t\t\t\t\t\t\t\t\t\t\t<\/div>\n\t\t\t\t<\/div>\n\t\t\t\t<div class=\"elementor-element elementor-element-e5727bb elementor-align-center elementor-widget elementor-widget-button\" data-id=\"e5727bb\" data-element_type=\"widget\" data-widget_type=\"button.default\">\n\t\t\t\t<div class=\"elementor-widget-container\">\n\t\t\t\t\t\t\t\t\t<div class=\"elementor-button-wrapper\">\n\t\t\t\t\t<a class=\"elementor-button elementor-button-link elementor-size-sm elementor-animation-grow\" href=\"#\">\n\t\t\t\t\t\t<span class=\"elementor-button-content-wrapper\">\n\t\t\t\t\t\t\t\t\t<span class=\"elementor-button-text\">ENTRE EM CONTATO CONOSCO<\/span>\n\t\t\t\t\t<\/span>\n\t\t\t\t\t<\/a>\n\t\t\t\t<\/div>\n\t\t\t\t\t\t\t\t<\/div>\n\t\t\t\t<\/div>\n\t\t\t\t\t<\/div>\n\t\t<\/div>\n\t\t\t\t<div class=\"elementor-column elementor-col-50 elementor-top-column elementor-element elementor-element-86be123\" data-id=\"86be123\" data-element_type=\"column\">\n\t\t\t<div class=\"elementor-widget-wrap\">\n\t\t\t\t\t\t\t<\/div>\n\t\t<\/div>\n\t\t\t\t\t<\/div>\n\t\t<\/section>\n\t\t\t\t<section class=\"elementor-section elementor-top-section elementor-element elementor-element-576c61c elementor-section-stretched elementor-section-boxed elementor-section-height-default elementor-section-height-default\" data-id=\"576c61c\" data-element_type=\"section\" data-settings=\"{&quot;stretch_section&quot;:&quot;section-stretched&quot;,&quot;background_background&quot;:&quot;classic&quot;}\">\n\t\t\t\t\t\t<div class=\"elementor-container elementor-column-gap-default\">\n\t\t\t\t\t<div class=\"elementor-column elementor-col-50 elementor-top-column elementor-element elementor-element-d9ee70d\" data-id=\"d9ee70d\" data-element_type=\"column\">\n\t\t\t<div class=\"elementor-widget-wrap elementor-element-populated\">\n\t\t\t\t\t\t<div class=\"elementor-element elementor-element-3191fa8 elementor-widget elementor-widget-spacer\" data-id=\"3191fa8\" data-element_type=\"widget\" data-widget_type=\"spacer.default\">\n\t\t\t\t<div class=\"elementor-widget-container\">\n\t\t\t\t\t\t\t<div class=\"elementor-spacer\">\n\t\t\t<div class=\"elementor-spacer-inner\"><\/div>\n\t\t<\/div>\n\t\t\t\t\t\t<\/div>\n\t\t\t\t<\/div>\n\t\t\t\t<div class=\"elementor-element elementor-element-110ed10 elementor-widget elementor-widget-text-editor\" data-id=\"110ed10\" data-element_type=\"widget\" data-widget_type=\"text-editor.default\">\n\t\t\t\t<div class=\"elementor-widget-container\">\n\t\t\t\t\t\t\t\t\tJuntos, caminharemos<br> para uma solu\u00e7\u00e3o <br>segura.\t\t\t\t\t\t\t\t<\/div>\n\t\t\t\t<\/div>\n\t\t\t\t<div class=\"elementor-element elementor-element-b5ae56c elementor-widget elementor-widget-spacer\" data-id=\"b5ae56c\" data-element_type=\"widget\" data-widget_type=\"spacer.default\">\n\t\t\t\t<div class=\"elementor-widget-container\">\n\t\t\t\t\t\t\t<div class=\"elementor-spacer\">\n\t\t\t<div class=\"elementor-spacer-inner\"><\/div>\n\t\t<\/div>\n\t\t\t\t\t\t<\/div>\n\t\t\t\t<\/div>\n\t\t\t\t\t<\/div>\n\t\t<\/div>\n\t\t\t\t<div class=\"elementor-column elementor-col-50 elementor-top-column elementor-element elementor-element-e6aaaa0\" data-id=\"e6aaaa0\" data-element_type=\"column\">\n\t\t\t<div class=\"elementor-widget-wrap elementor-element-populated\">\n\t\t\t\t\t\t<div class=\"elementor-element elementor-element-583e50c elementor-widget elementor-widget-spacer\" data-id=\"583e50c\" data-element_type=\"widget\" data-widget_type=\"spacer.default\">\n\t\t\t\t<div class=\"elementor-widget-container\">\n\t\t\t\t\t\t\t<div class=\"elementor-spacer\">\n\t\t\t<div class=\"elementor-spacer-inner\"><\/div>\n\t\t<\/div>\n\t\t\t\t\t\t<\/div>\n\t\t\t\t<\/div>\n\t\t\t\t<div class=\"elementor-element elementor-element-bbe03fc elementor-widget elementor-widget-text-editor\" data-id=\"bbe03fc\" data-element_type=\"widget\" data-widget_type=\"text-editor.default\">\n\t\t\t\t<div class=\"elementor-widget-container\">\n\t\t\t\t\t\t\t\t\t<p>Ao ouvir os planos comerciais de nossos clientes e o seu desejo crescimento, tra\u00e7amos nossa atua\u00e7\u00e3o jur\u00eddica, cont\u00e1bil e financeira, com o foco na sustentabilidade, durabilidade e conformidade legal para o seu neg\u00f3cio.\u00a0<\/p><p>Com mais de 30 anos de experi\u00eancia, percebemos que agir com clareza e agilidade na comunica\u00e7\u00e3o, propicia solidez aos projetos de nossos clientes tornando-o cada vez mais competitivo no mercado.<\/p>\t\t\t\t\t\t\t\t<\/div>\n\t\t\t\t<\/div>\n\t\t\t\t\t<\/div>\n\t\t<\/div>\n\t\t\t\t\t<\/div>\n\t\t<\/section>\n\t\t\t\t<section class=\"elementor-section elementor-top-section elementor-element elementor-element-e648752 elementor-hidden-desktop elementor-hidden-tablet elementor-section-boxed elementor-section-height-default elementor-section-height-default\" data-id=\"e648752\" data-element_type=\"section\">\n\t\t\t\t\t\t<div class=\"elementor-container elementor-column-gap-default\">\n\t\t\t\t\t<div class=\"elementor-column elementor-col-100 elementor-top-column elementor-element elementor-element-0900e9e\" data-id=\"0900e9e\" data-element_type=\"column\">\n\t\t\t<div class=\"elementor-widget-wrap elementor-element-populated\">\n\t\t\t\t\t\t<div class=\"elementor-element elementor-element-d128f98 elementor-widget elementor-widget-slides\" data-id=\"d128f98\" data-element_type=\"widget\" data-widget_type=\"slides.default\">\n\t\t\t\t<div class=\"elementor-widget-container\">\n\t\t\t\t\t \t\t\t\t<\/div>\n\t\t\t\t<\/div>\n\t\t\t\t\t<\/div>\n\t\t<\/div>\n\t\t\t\t\t<\/div>\n\t\t<\/section>\n\t\t\t\t<section class=\"elementor-section elementor-top-section elementor-element elementor-element-de69294 elementor-hidden-mobile elementor-section-boxed elementor-section-height-default elementor-section-height-default\" data-id=\"de69294\" data-element_type=\"section\">\n\t\t\t\t\t\t<div class=\"elementor-container elementor-column-gap-default\">\n\t\t\t\t\t<div class=\"elementor-column elementor-col-100 elementor-top-column elementor-element elementor-element-c6d1102\" data-id=\"c6d1102\" data-element_type=\"column\">\n\t\t\t<div class=\"elementor-widget-wrap elementor-element-populated\">\n\t\t\t\t\t\t<div class=\"elementor-element elementor-element-d71f6ec elementor-widget elementor-widget-html\" data-id=\"d71f6ec\" data-element_type=\"widget\" data-widget_type=\"html.default\">\n\t\t\t\t<div class=\"elementor-widget-container\">\n\t\t\t\t\t<style>\r\n* {box-sizing: border-box}\r\nbody {font-family: \"Lato\", sans-serif;}\r\n\r\n\/* Style the tab *\/\r\n.tab {\r\n  float: left;\r\n  border: 0px solid #ccc;\r\n  background-color: #fff;\r\n  width: 40%;\r\n  height: 300px;\r\n}\r\n\/* Style the buttons inside the tab *\/\r\n.tab button {\r\n  display: block;\r\n  background-color: inherit;\r\n  color: black;\r\n  padding: 22px 16px;\r\n  width: 100%;\r\n  border: none;\r\n  outline: none;\r\n  text-align: left;\r\n  cursor: pointer;\r\n  transition: 0.3s;\r\n  font-size: 17px;\r\n}\r\n\r\n\/* Change background color of buttons on hover *\/\r\n.tab button:hover {\r\n  background-color: #ddd;\r\n}\r\n\r\n\/* Create an active\/current \"tab button\" class *\/\r\n.tab button.active {\r\n  background-color: #003523;\r\n  color: #fff;\r\n  border-radius: 4px;\r\n}\r\n\r\n\/* Style the tab content *\/\r\n.tabcontent {\r\n  float: left;\r\n  padding: 0px 12px;\r\n  border: 0px solid #ccc;\r\n  width: 60%;\r\n  border-left: none;\r\n  height: 300px;\r\n}\r\n<\/style>\r\n\r\n\r\n\r\n\r\n<div class=\"tab\">\r\n  <button class=\"tablinks\" onclick=\"openCity(event, 'London')\" id=\"defaultOpen\">Flexibilidade<br>\r\n  <span style=\"font-size: 12px\">A base de nossa atua\u00e7\u00e3o est\u00e1 pautada em compreender as opini\u00f5es e ideias de nossos clientes. <\/span><\/button>\r\n  <button class=\"tablinks\" onclick=\"openCity(event, 'Paris')\">Transpar\u00eancia<br>\r\n  <span style=\"font-size: 12px\">Ter empatia com nossos clientes e trazer clareza de como enfrentar os desafios empresarial e o nosso foco di\u00e1rio. <\/span><\/button>\r\n  <button class=\"tablinks\" onclick=\"openCity(event, 'Tokyo')\">Agilidade<br>\r\n  <span style=\"font-size: 12px\">Aplicar nosso conhecimento adequando legalmente os projetos e solucionando as adversidades de forma \u00e1gil, prudente e sustent\u00e1vel, e o nosso objetivo  <\/span><\/button>\r\n<\/div>\r\n\r\n<div id=\"London\" class=\"tabcontent\">\r\n  <p><img decoding=\"async\" src=\"https:\/\/opixelcriativo.com\/project\/jtfilho\/wp-content\/uploads\/2022\/07\/escritorio-1.jpg\"><\/p>\r\n<\/div>\r\n\r\n<div id=\"Paris\" class=\"tabcontent\">\r\n  <p><img decoding=\"async\" src=\"https:\/\/opixelcriativo.com\/project\/jtfilho\/wp-content\/uploads\/2022\/07\/escritorio-2.jpg\"><\/p> \r\n<\/div>\r\n\r\n<div id=\"Tokyo\" class=\"tabcontent\">\r\n  <p><img decoding=\"async\" src=\"https:\/\/opixelcriativo.com\/project\/jtfilho\/wp-content\/uploads\/2022\/07\/escritorio-1.jpg\"><\/p>\r\n<\/div>\r\n\r\n<script>\r\nfunction openCity(evt, cityName) {\r\n  var i, tabcontent, tablinks;\r\n  tabcontent = document.getElementsByClassName(\"tabcontent\");\r\n  for (i = 0; i < tabcontent.length; i++) {\r\n    tabcontent[i].style.display = \"none\";\r\n  }\r\n  tablinks = document.getElementsByClassName(\"tablinks\");\r\n  for (i = 0; i < tablinks.length; i++) {\r\n    tablinks[i].className = tablinks[i].className.replace(\" active\", \"\");\r\n  }\r\n  document.getElementById(cityName).style.display = \"block\";\r\n  evt.currentTarget.className += \" active\";\r\n}\r\n\r\n\/\/ Get the element with id=\"defaultOpen\" and click on it\r\ndocument.getElementById(\"defaultOpen\").click();\r\n<\/script>\t\t\t\t<\/div>\n\t\t\t\t<\/div>\n\t\t\t\t\t<\/div>\n\t\t<\/div>\n\t\t\t\t\t<\/div>\n\t\t<\/section>\n\t\t\t\t<section class=\"elementor-section elementor-top-section elementor-element elementor-element-80e6a39 elementor-hidden-mobile elementor-section-boxed elementor-section-height-default elementor-section-height-default\" data-id=\"80e6a39\" data-element_type=\"section\">\n\t\t\t\t\t\t<div class=\"elementor-container elementor-column-gap-default\">\n\t\t\t\t\t<div class=\"elementor-column elementor-col-100 elementor-top-column elementor-element elementor-element-f5c78ff\" data-id=\"f5c78ff\" data-element_type=\"column\">\n\t\t\t<div class=\"elementor-widget-wrap elementor-element-populated\">\n\t\t\t\t\t\t<div class=\"elementor-element elementor-element-d4572dd elementor-widget elementor-widget-text-editor\" data-id=\"d4572dd\" data-element_type=\"widget\" data-widget_type=\"text-editor.default\">\n\t\t\t\t<div class=\"elementor-widget-container\">\n\t\t\t\t\t\t\t\t\t<p>Especialidades<\/p>\t\t\t\t\t\t\t\t<\/div>\n\t\t\t\t<\/div>\n\t\t\t\t<div class=\"elementor-element elementor-element-08aa5ce elementor-widget elementor-widget-text-editor\" data-id=\"08aa5ce\" data-element_type=\"widget\" data-widget_type=\"text-editor.default\">\n\t\t\t\t<div class=\"elementor-widget-container\">\n\t\t\t\t\t\t\t\t\t<p>PROP\u00d3SITO NEGOCIAL<\/p>\t\t\t\t\t\t\t\t<\/div>\n\t\t\t\t<\/div>\n\t\t\t\t<div class=\"elementor-element elementor-element-7591b9f elementor-widget elementor-widget-gallery\" data-id=\"7591b9f\" data-element_type=\"widget\" data-widget_type=\"gallery.default\">\n\t\t\t\t<div class=\"elementor-widget-container\">\n\t\t\t\t\t \t\t\t\t<\/div>\n\t\t\t\t<\/div>\n\t\t\t\t\t<\/div>\n\t\t<\/div>\n\t\t\t\t\t<\/div>\n\t\t<\/section>\n\t\t\t\t<section class=\"elementor-section elementor-top-section elementor-element elementor-element-2f8ac8a elementor-section-stretched elementor-section-boxed elementor-section-height-default elementor-section-height-default\" data-id=\"2f8ac8a\" data-element_type=\"section\" data-settings=\"{&quot;stretch_section&quot;:&quot;section-stretched&quot;,&quot;background_background&quot;:&quot;classic&quot;}\">\n\t\t\t\t\t\t<div class=\"elementor-container elementor-column-gap-default\">\n\t\t\t\t\t<div class=\"elementor-column elementor-col-50 elementor-top-column elementor-element elementor-element-175bdff\" data-id=\"175bdff\" data-element_type=\"column\">\n\t\t\t<div class=\"elementor-widget-wrap elementor-element-populated\">\n\t\t\t\t\t\t<div class=\"elementor-element elementor-element-61719bf elementor-widget elementor-widget-spacer\" data-id=\"61719bf\" data-element_type=\"widget\" data-widget_type=\"spacer.default\">\n\t\t\t\t<div class=\"elementor-widget-container\">\n\t\t\t\t\t\t\t<div class=\"elementor-spacer\">\n\t\t\t<div class=\"elementor-spacer-inner\"><\/div>\n\t\t<\/div>\n\t\t\t\t\t\t<\/div>\n\t\t\t\t<\/div>\n\t\t\t\t<div class=\"elementor-element elementor-element-fdcee96 elementor-widget elementor-widget-image\" data-id=\"fdcee96\" data-element_type=\"widget\" data-widget_type=\"image.default\">\n\t\t\t\t<div class=\"elementor-widget-container\">\n\t\t\t\t\t\t\t\t\t\t\t\t\t\t\t<img decoding=\"async\" src=\"https:\/\/jtfilhoassociados.adv.br\/wp-content\/uploads\/2022\/07\/a-evolucao-segura.png\" title=\"a-evolucao-segura\" alt=\"a-evolucao-segura\" loading=\"lazy\" \/>\t\t\t\t\t\t\t\t\t\t\t\t\t\t\t<\/div>\n\t\t\t\t<\/div>\n\t\t\t\t<div class=\"elementor-element elementor-element-781a88c elementor-widget-divider--view-line elementor-widget elementor-widget-divider\" data-id=\"781a88c\" data-element_type=\"widget\" data-widget_type=\"divider.default\">\n\t\t\t\t<div class=\"elementor-widget-container\">\n\t\t\t\t\t\t\t<div class=\"elementor-divider\">\n\t\t\t<span class=\"elementor-divider-separator\">\n\t\t\t\t\t\t<\/span>\n\t\t<\/div>\n\t\t\t\t\t\t<\/div>\n\t\t\t\t<\/div>\n\t\t\t\t<div class=\"elementor-element elementor-element-b7c5224 elementor-widget elementor-widget-text-editor\" data-id=\"b7c5224\" data-element_type=\"widget\" data-widget_type=\"text-editor.default\">\n\t\t\t\t<div class=\"elementor-widget-container\">\n\t\t\t\t\t\t\t\t\t<p>Lorem ipsum dolor sit amet, consectetur adipiscing elit, sed do eiusmod tempor incididunt ut labore et dolore magna aliqua. Quis ipsum suspendisse ultrices gravida. Risus commodo viverra maecenas accumsan lacus vel facilisis.<\/p>\t\t\t\t\t\t\t\t<\/div>\n\t\t\t\t<\/div>\n\t\t\t\t<div class=\"elementor-element elementor-element-ede0b01 elementor-widget elementor-widget-button\" data-id=\"ede0b01\" data-element_type=\"widget\" data-widget_type=\"button.default\">\n\t\t\t\t<div class=\"elementor-widget-container\">\n\t\t\t\t\t\t\t\t\t<div class=\"elementor-button-wrapper\">\n\t\t\t\t\t<a class=\"elementor-button elementor-button-link elementor-size-sm\" href=\"https:\/\/jtfilhoassociados.adv.br\/index.php\/contato\/\">\n\t\t\t\t\t\t<span class=\"elementor-button-content-wrapper\">\n\t\t\t\t\t\t\t\t\t<span class=\"elementor-button-text\">ENTRE EM CONTATO<\/span>\n\t\t\t\t\t<\/span>\n\t\t\t\t\t<\/a>\n\t\t\t\t<\/div>\n\t\t\t\t\t\t\t\t<\/div>\n\t\t\t\t<\/div>\n\t\t\t\t<div class=\"elementor-element elementor-element-824174f elementor-widget elementor-widget-spacer\" data-id=\"824174f\" data-element_type=\"widget\" data-widget_type=\"spacer.default\">\n\t\t\t\t<div class=\"elementor-widget-container\">\n\t\t\t\t\t\t\t<div class=\"elementor-spacer\">\n\t\t\t<div class=\"elementor-spacer-inner\"><\/div>\n\t\t<\/div>\n\t\t\t\t\t\t<\/div>\n\t\t\t\t<\/div>\n\t\t\t\t\t<\/div>\n\t\t<\/div>\n\t\t\t\t<div class=\"elementor-column elementor-col-50 elementor-top-column elementor-element elementor-element-768b673\" data-id=\"768b673\" data-element_type=\"column\">\n\t\t\t<div class=\"elementor-widget-wrap\">\n\t\t\t\t\t\t\t<\/div>\n\t\t<\/div>\n\t\t\t\t\t<\/div>\n\t\t<\/section>\n\t\t\t\t<section class=\"elementor-section elementor-top-section elementor-element elementor-element-c045545 elementor-section-full_width elementor-section-content-middle elementor-section-stretched elementor-section-height-default elementor-section-height-default\" data-id=\"c045545\" data-element_type=\"section\" data-settings=\"{&quot;stretch_section&quot;:&quot;section-stretched&quot;}\">\n\t\t\t\t\t\t<div class=\"elementor-container elementor-column-gap-no\">\n\t\t\t\t\t<div class=\"elementor-column elementor-col-50 elementor-top-column elementor-element elementor-element-29ea992\" data-id=\"29ea992\" data-element_type=\"column\">\n\t\t\t<div class=\"elementor-widget-wrap elementor-element-populated\">\n\t\t\t\t\t\t<div class=\"elementor-element elementor-element-4e1a5cc elementor-widget elementor-widget-html\" data-id=\"4e1a5cc\" data-element_type=\"widget\" data-widget_type=\"html.default\">\n\t\t\t\t<div class=\"elementor-widget-container\">\n\t\t\t\t\t<div style=\"-webkit-filter: grayscale(100%);\nfilter: grayscale(100%);\">\n<iframe src=\"https:\/\/www.google.com\/maps\/embed?pb=!1m18!1m12!1m3!1d3657.197490294408!2d-46.65868298442349!3d-23.561349567478256!2m3!1f0!2f0!3f0!3m2!1i1024!2i768!4f13.1!3m3!1m2!1s0x94ce59c8da0aa315%3A0xd59f9431f2c9776a!2sAv.%20Paulista%2C%20S%C3%A3o%20Paulo%20-%20SP!5e0!3m2!1spt-BR!2sbr!4v1658009049123!5m2!1spt-BR!2sbr\" width=\"100%\" height=\"650\" style=\"border:0;\" allowfullscreen=\"\" loading=\"lazy\" referrerpolicy=\"no-referrer-when-downgrade\"><\/iframe><\/div>\t\t\t\t<\/div>\n\t\t\t\t<\/div>\n\t\t\t\t\t<\/div>\n\t\t<\/div>\n\t\t\t\t<div class=\"elementor-column elementor-col-50 elementor-top-column elementor-element elementor-element-3c8145a\" data-id=\"3c8145a\" data-element_type=\"column\" data-settings=\"{&quot;background_background&quot;:&quot;classic&quot;}\">\n\t\t\t<div class=\"elementor-widget-wrap elementor-element-populated\">\n\t\t\t\t\t\t<div class=\"elementor-element elementor-element-f0b9ebd elementor-widget elementor-widget-spacer\" data-id=\"f0b9ebd\" data-element_type=\"widget\" data-widget_type=\"spacer.default\">\n\t\t\t\t<div class=\"elementor-widget-container\">\n\t\t\t\t\t\t\t<div class=\"elementor-spacer\">\n\t\t\t<div class=\"elementor-spacer-inner\"><\/div>\n\t\t<\/div>\n\t\t\t\t\t\t<\/div>\n\t\t\t\t<\/div>\n\t\t\t\t<div class=\"elementor-element elementor-element-304f47b elementor-widget elementor-widget-text-editor\" data-id=\"304f47b\" data-element_type=\"widget\" data-widget_type=\"text-editor.default\">\n\t\t\t\t<div class=\"elementor-widget-container\">\n\t\t\t\t\t\t\t\t\t<p>Vamos Conversar?<\/p>\t\t\t\t\t\t\t\t<\/div>\n\t\t\t\t<\/div>\n\t\t\t\t<div class=\"elementor-element elementor-element-cbc2705 elementor-widget elementor-widget-text-editor\" data-id=\"cbc2705\" data-element_type=\"widget\" data-widget_type=\"text-editor.default\">\n\t\t\t\t<div class=\"elementor-widget-container\">\n\t\t\t\t\t\t\t\t\t<p>Lorem ipsum dolor sit amet, consectetur adipiscing elit, sed do eiusmod tempor incididunt ut labore et dolore magna aliqua. Quis ipsum suspendisse ultrices gravida. Risus commodo viverra maecenas accumsan lacus vel facilisis.<\/p>\t\t\t\t\t\t\t\t<\/div>\n\t\t\t\t<\/div>\n\t\t\t\t<div class=\"elementor-element elementor-element-d9345c4 elementor-widget elementor-widget-form\" data-id=\"d9345c4\" data-element_type=\"widget\" data-widget_type=\"form.default\">\n\t\t\t\t<div class=\"elementor-widget-container\">\n\t\t\t\t\t \t\t\t\t<\/div>\n\t\t\t\t<\/div>\n\t\t\t\t<div class=\"elementor-element elementor-element-322220e elementor-widget elementor-widget-spacer\" data-id=\"322220e\" data-element_type=\"widget\" data-widget_type=\"spacer.default\">\n\t\t\t\t<div class=\"elementor-widget-container\">\n\t\t\t\t\t\t\t<div class=\"elementor-spacer\">\n\t\t\t<div class=\"elementor-spacer-inner\"><\/div>\n\t\t<\/div>\n\t\t\t\t\t\t<\/div>\n\t\t\t\t<\/div>\n\t\t\t\t\t<\/div>\n\t\t<\/div>\n\t\t\t\t\t<\/div>\n\t\t<\/section>\n\t\t\t\t<\/div>\n\t\t","protected":false},"excerpt":{"rendered":"<p>ENTRE EM CONTATO CONOSCO Juntos, caminharemos para uma solu\u00e7\u00e3o segura. Ao ouvir os planos comerciais de nossos clientes e o seu desejo crescimento, tra\u00e7amos nossa atua\u00e7\u00e3o jur\u00eddica, cont\u00e1bil e financeira, com o foco na sustentabilidade, durabilidade e conformidade legal para o seu neg\u00f3cio.\u00a0 Com mais de 30 anos de experi\u00eancia, percebemos que agir com clareza [&hellip;]<\/p>\n","protected":false},"author":1,"featured_media":0,"parent":0,"menu_order":0,"comment_status":"closed","ping_status":"closed","template":"elementor_header_footer","meta":{"footnotes":""},"class_list":["post-17","page","type-page","status-publish","hentry","entry"],"aioseo_notices":[],"_links":{"self":[{"href":"https:\/\/jtfilhoassociados.adv.br\/index.php\/wp-json\/wp\/v2\/pages\/17","targetHints":{"allow":["GET"]}}],"collection":[{"href":"https:\/\/jtfilhoassociados.adv.br\/index.php\/wp-json\/wp\/v2\/pages"}],"about":[{"href":"https:\/\/jtfilhoassociados.adv.br\/index.php\/wp-json\/wp\/v2\/types\/page"}],"author":[{"embeddable":true,"href":"https:\/\/jtfilhoassociados.adv.br\/index.php\/wp-json\/wp\/v2\/users\/1"}],"replies":[{"embeddable":true,"href":"https:\/\/jtfilhoassociados.adv.br\/index.php\/wp-json\/wp\/v2\/comments?post=17"}],"version-history":[{"count":167,"href":"https:\/\/jtfilhoassociados.adv.br\/index.php\/wp-json\/wp\/v2\/pages\/17\/revisions"}],"predecessor-version":[{"id":449,"href":"https:\/\/jtfilhoassociados.adv.br\/index.php\/wp-json\/wp\/v2\/pages\/17\/revisions\/449"}],"wp:attachment":[{"href":"https:\/\/jtfilhoassociados.adv.br\/index.php\/wp-json\/wp\/v2\/media?parent=17"}],"curies":[{"name":"wp","href":"https:\/\/api.w.org\/{rel}","templated":true}]}}